/((-27)/k))?
1
Let w = -14 - -20. Let z(l) = l**3 - 7*l**2 + 8*l + 3. Let d be z(w). What is the units digit of d - 13 - (-132)/1?
4
Let j = -191 + 13. Let q = 439 + j. What is the hundreds digit of q?
2
Suppose 4*y + 115 = -2*w + 127, -5*y + 15 = -2*w. Let m be 2/((-2)/(-3)) + 0. Suppose w = -j - 5, -a + 30 = -m*j - 75. What is the units digit of a?
0
Let k(h) = -28*h - 8. Let c be (-10)/(40/12) + -2. What is the tens digit of k(c)?
3
Let s(o) be the third derivative of o**4/12 - 7*o**3/6 + 2*o**2 + 66*o. Suppose 57 = 6*i - 93. What is the tens digit of s(i)?
4
Let w be (4/(-5))/((-4)/(-10)). Let u be 1/w*28*(-1)/2. Suppose -c = -5, -3*r - u*c + 3*c + 407 = 0. What is the tens digit of r?
2
Suppose -3*u - 8 = q - 21, u - 2*q - 9 = 0. Suppose 0 = -a + 2*a + 4*w - 71, -374 = -u*a - w. What is the tens digit of a?
7
Let t = -150 - -155. Suppose 0*y = t*y + z - 8850, -y - 5*z + 1794 = 0. What is the units digit of y?
9
Let r(z) = -2 + 7*z - 1 - 1 + 2*z**2 - 5. Suppose -b = 4*v + 11, 3*v + 22 = -2*b + 4*b. What is the units digit of r(b)?
6
Let c(m) = 13*m**2 - 24*m + 156. Let k be c(6). What is the hundreds digit of (-96)/k - 2652/(-10)?
2
Let n(l) = 9*l**2 - 18*l + 44. Let p be n(-11). Let r = 2362 - p. What is the thousands digit of r?
1
Let l(h) be the first derivative of h**4/4 - 44*h**3/3 + 87*h**2/2 - 47*h + 53. What is the units digit of l(42)?
9
What is the ten thousands digit of ((-2968)/7 + 0/2)*(-77 + -40)?
4
Suppose 0 = 16*p - 215238 + 83350. What is the hundreds digit of p?
2
What is the thousands digit of (-11 - 9)/2 + 26756/4?
6
Suppose 5*i = 10*f - 5*f + 28585, 4*i = 2*f + 22860. What is the hundreds digit of i?
7
Let b(y) = -y**3 + y**2 - 2*y - 2. Let a be b(-1). Suppose a*j - 439 = -3. Suppose -j - 55 = -3*s - 3*w, w = s - 83. What is the tens digit of s?
8
Let r = -40 - -62. Suppose -r*t + y = -24*t + 903, 4*t - 1821 = 3*y. What is the units digit of t?
3
Let g(f) = -f**3 + 18*f**2 - 14*f - 33. What is the tens digit of g(13)?
3
Let q be (-4)/(-6) + (-18)/(-54) - 0. Let r be (-19)/(-6) + q - (-14)/(-84). Suppose -64 = r*l - 124. What is the units digit of l?
5
Let v(j) = j**2 + 34*j - 42. Let b be v(-36). What is the units digit of 3402/45 + 12/b?
6
Let y = -606 - -4579. What is the tens digit of y?
7
Let u(j) = -j + 6. Let t be u(4). Let i(o) = 1 - t + 8*o - 8 + 7. What is the units digit of i(9)?
0
Let o = -76 + 81. Suppose o*b - m - 8 = -3*m, 7 = 2*b - 3*m. Suppose b*u = 254 + 6. What is the units digit of u?
0
Let s(g) = -g**3 - 4*g**2 + g + 4. Let n be s(-4). Suppose n = 3*l - l - 5*r - 39, 0 = l - r - 12. Suppose 0 = 4*p - l*p + 168. What is the units digit of p?
6
What is the units digit of -1*1*(75/15 + -21631)?
6
What is the thousands digit of ((-432333)/(-9))/11 - 1?
4
Suppose 0 = -7*o + 22 - 197. What is the units digit of 463*-5*5/o?
3
Let n(j) = 3*j**3 - 126*j**2 - 227*j - 129. What is the thousands digit of n(45)?
7
Suppose -5*a - 42275 = 22900. What is the hundreds digit of a/(-30) + 1 + (-10)/4?
4
Suppose -1455 = -12*f + 2385. Suppose -2*m + 74 = -42. Let a = f - m. What is the tens digit of a?
6
Let x = -80 - -68. Let y(l) = -l**3 - 14*l**2 - 22*l + 26. Let p be y(x). Suppose 2*u = -3*a + 287, 513 - 75 = 3*u + p*a. What is the hundreds digit of u?
1
Suppose y - 3*t + 5*t + 203 = 0, 0 = 5*y + 5*t + 1040. What is the units digit of y*2/12*-4?
2
Let u be 6 - (-5)/(20/12). Suppose u*h - 5*h - 12 = 0. Suppose -3*q + 4*m = -264, -3*m + 84 + 159 = h*q. What is the units digit of q?
4
Let o(h) = 4*h - 6. Let n(a) = -5*a + 7. Let c(y) = 2*n(y) + 3*o(y). Let d be c(4). What is the units digit of (-5 + (-46)/d)*26/(-3)?
3
Suppose -191357 = -9*n + 26353. Suppose 0 = 34*k - 9742 - n. What is the tens digit of k?
9
Let g(r) = 14*r**2 - 92*r - 8. Let c be g(7). Suppose 24*b - 33408 = -c*b. What is the tens digit of b?
7
Suppose -33*d = -4*d. Suppose d = v + 5*s - 1149, -3*s + 5841 = 5*v + 184. What is the tens digit of v?
2
What is the ten thousands digit of -1451*((5 + 21)/(-2) + -8)?
3
Let f(j) = -j + 783 + 2*j - 3*j - j**2 - j**2. What is the tens digit of f(0)?
8
Suppose -39*f = -31*f - 112. Suppose -5490 = -f*b + 1902. What is the units digit of b?
8
Let i(h) = 9*h**3 - 4*h**2 + 10*h - 3. Let y be i(5). Let d = -437 + y. What is the hundreds digit of d?
6
What is the tens digit of 1125/(-12)*(-2184)/42?
7
Let m(v) = 22*v - 19. Let o be m(2). Let a = -4 + 6. Suppose -a*x + x = -4*p + 303, -5*x = -o. What is the tens digit of p?
7
What is the tens digit of (-153)/(-15)*3989370/693?
1
Let i = 66 - 64. Suppose -i = -5*d + 3. Let o(f) = 156*f**2 - 3*f + 1. What is the units digit of o(d)?
4
Let o = 1316 + 1776. What is the thousands digit of o?
3
What is the hundreds digit of (90/(-63))/(2/(-35294))?
2
Let b = 717 - -1849. What is the units digit of b?
6
Let m(z) = 21*z - 124. Let p be ((-4)/4)/(22/(-506)). What is the tens digit of m(p)?
5
Suppose -16696 = 13*t - 90276. Suppose 100 + t = 8*f. What is the tens digit of f?
2
Suppose c = -3*s + 9, 0 = -s - 3*s - 4*c + 20. Suppose 436 = 3*y + 4*h - 755, 4*h = -s*y + 790. What is the units digit of y?
1
Let a = -109 - -114. Suppose -y - a*j + 81 = 0, 4*j = 2*y - y - 126. Suppose 0 = 2*k - 306 - y. What is the tens digit of k?
0
Let y(h) = 352*h**2 + 45*h + 94. Let v(d) = d**3 - 11*d**2 + 29*d - 9. Let l be v(7). What is the units digit of y(l)?
2
Let u(x) = 433 - 814 - 14*x + 421. What is the tens digit of u(-5)?
1
Suppose -92051 = -11*k + 13428. Suppose 26*o - k - 1175 = 0. What is the hundreds digit of o?
4
Let d = 61 - 0. Let o = d - 59. Suppose 208 + 4 = o*y. What is the tens digit of y?
0
What is the tens digit of ((-1572)/(-12) - 2) + -3?
2
Suppose -8*a + 5*a + 178 = -5*l, -3*a = -3*l - 168. What is the units digit of a/17 + (1 - -575)?
9
Suppose -4*o + p = -20701, 25*p + 15540 = 3*o + 29*p. What is the units digit of o?
6
Suppose 0 = -7*w - 5 - 9. Let v be -1*(w - (5 + -4)). Suppose -5*s + l + 298 = 0, -s - 304 = -6*s + v*l. What is the units digit of s?
9
Suppose -4*l = -3*g + 80, 5*g + 2*l - 6*l - 120 = 0. Suppose -39 = -p - 7*q, -3*p + 2*q + 107 = -33. Suppose -11*v = -p - g. What is the units digit of v?
6
Suppose 3870 = -6*p + 17862. Suppose p = 4*m - 2008. Suppose 10*w - m = 5*w. What is the tens digit of w?
1
What is the ten thousands digit of (-4)/(140760/70390 + -2)?
1
Let i(a) = a + 14. Let k be i(-10). Suppose 2*x - 4*n - 10 = 0, -3*x = 2*x - 4*n - 19. Suppose -x = -k*r + 37. What is the tens digit of r?
1
Suppose -9*c + 4 = -23. Suppose c = 4*h - 9, 4*z + 3*h = 301. Suppose 10*u = z + 307. What is the tens digit of u?
3
Let r = -4 - 5. Let h(n) = -n**2 - 26*n - 2. Let v(c) = -3*c**2 - 49*c - 3. Let p(l) = 5*h(l) - 3*v(l). What is the hundreds digit of p(r)?
1
Let b(r) = -r + 12. Let m be b(10). Suppose -m*y - 1591 = -3*u, 7*u - y = 3*u + 2128. What is the tens digit of u?
3
Suppose 6*o - 99010 - 57382 - 15124 = 0. What is the hundreds digit of o?
5
Suppose -6*t = -11*t + 10. Let d = 4 - t. Suppose -2*q - d*n = -n - 45, 4*q = n + 81. What is the tens digit of q?
2
Let r = -3937 - -21167. What is the tens digit of r?
3
Let m = 85 + -92. Let n(p) = -3*p - 19. Let c be n(m). Suppose -2*k - 6*v = -7*v - 464, 5*k = c*v + 1159. What is the tens digit of k?
3
Suppose 9562 = g + 4*r - 9657, r = 5*g - 95990. What is the tens digit of g?
9
Let h(l) = -14*l + 352. Let g be h(8). Let t(c) = 2*c**3 - 8*c**2 - 2*c. Let z be t(6). Let v = g - z. What is the hundreds digit of v?
1
What is the ten thousands digit of (-20)/(-10) + -9 - -33281 - 10?
3
Let g be (3/4)/((-1)/80). Let m = -60 - g. Let c(x) = -x**3 + x**2 + 2*x + 19. What is the tens digit of c(m)?
1
Suppose 81*m = 229646 + 971260. What is the tens digit of m?
2
Suppose 10*l + 136159 = 4*o + 7*l, -4*o - l + 136155 = 0. What is the ten thousands digit of o?
3
Suppose 2*n - 112 = n. Let x = 192 - n. Suppose 248 = 2*b + x. What is the tens digit of b?
8
Let g(b) = 9*b**2 - 9*b + 11. Let w = -91 - 8. Let m = -94 - w. What is the hundreds digit of g(m)?
1
Let w(t) = -963*t - 31. Suppose 0 = 8*p + 132 - 124. What is the units digit of w(p)?
2
Suppose 3*n = 4*h - 8474, h - 2*n - 1475 - 641 = 0. What is the thousands digit of h?
2
Let c = -1531 - -2235. What is the units digit of c?
4
Suppose 2*f - 3*f = -17*f + 80800. Wh